{"id":1502,"date":"2025-01-20T09:21:10","date_gmt":"2025-01-20T12:21:10","guid":{"rendered":"https:\/\/softwareprojetos.site\/divulgouvendeuloja\/?post_type=product&#038;p=1502"},"modified":"2025-01-20T09:21:11","modified_gmt":"2025-01-20T12:21:11","slug":"vende-se-uma-chacara-com-alto-padrao-de-qualidade","status":"publish","type":"product","link":"https:\/\/divulgouvendeu.net.br\/loja\/index.php\/produto\/vende-se-uma-chacara-com-alto-padrao-de-qualidade\/","title":{"rendered":"Vende-se uma ch\u00e1cara com alto padr\u00e3o de qualidade"},"content":{"rendered":"<p>Vende-se uma ch\u00e1cara com alto padr\u00e3o de qualidade contendo 3 quartos 1 quarto sendo su\u00edte com closet 2 quartos grandes e 1banheiro social 1 sala grande 1 cozinha grande.chacara ainda contendo 2 chegada,1piscina, \u00e1rea de lazer com uma quadra de peteca. Ch\u00e1cara toda cercada lugar ambiente familiar e de alta valoriza\u00e7\u00e3o.localiza\u00e7ao Dom modesto Caratinga mg.<\/p>\n","protected":false},"excerpt":{"rendered":"<p>Vende-se uma ch\u00e1cara com alto padr\u00e3o de qualidade contendo 3 quartos 1 quarto sendo su\u00edte com closet 2 quartos grandes e 1banheiro social 1 sala grande 1 cozinha grande.chacara ainda contendo 2 chegada,1piscina, \u00e1rea de lazer com uma quadra de peteca. Ch\u00e1cara toda cercada lugar ambiente familiar e de alta valoriza\u00e7\u00e3o.localiza\u00e7ao Dom modesto Caratinga mg.<\/p>\n","protected":false},"featured_media":1505,"comment_status":"open","ping_status":"closed","template":"","meta":[],"product_cat":[74],"product_tag":[],"class_list":{"0":"post-1502","1":"product","2":"type-product","3":"status-publish","4":"has-post-thumbnail","6":"product_cat-imoveis","8":"first","9":"instock","10":"shipping-taxable","11":"product-type-simple"},"_links":{"self":[{"href":"https:\/\/divulgouvendeu.net.br\/loja\/index.php\/wp-json\/wp\/v2\/product\/1502"}],"collection":[{"href":"https:\/\/divulgouvendeu.net.br\/loja\/index.php\/wp-json\/wp\/v2\/product"}],"about":[{"href":"https:\/\/divulgouvendeu.net.br\/loja\/index.php\/wp-json\/wp\/v2\/types\/product"}],"replies":[{"embeddable":true,"href":"https:\/\/divulgouvendeu.net.br\/loja\/index.php\/wp-json\/wp\/v2\/comments?post=1502"}],"wp:featuredmedia":[{"embeddable":true,"href":"https:\/\/divulgouvendeu.net.br\/loja\/index.php\/wp-json\/wp\/v2\/media\/1505"}],"wp:attachment":[{"href":"https:\/\/divulgouvendeu.net.br\/loja\/index.php\/wp-json\/wp\/v2\/media?parent=1502"}],"wp:term":[{"taxonomy":"product_cat","embeddable":true,"href":"https:\/\/divulgouvendeu.net.br\/loja\/index.php\/wp-json\/wp\/v2\/product_cat?post=1502"},{"taxonomy":"product_tag","embeddable":true,"href":"https:\/\/divulgouvendeu.net.br\/loja\/index.php\/wp-json\/wp\/v2\/product_tag?post=1502"}],"curies":[{"name":"wp","href":"https:\/\/api.w.org\/{rel}","templated":true}]}}